uppose -12*n + 78 = -342. What is the remainder when 593 is divided by n?
33
Let m(h) = h**3 - 2*h**2 - 146. What is the remainder when m(8) is divided by 21?
7
Let o be (-2 - (-4 - 2)) + (-130)/(-13). Suppose o*y = 5*y + 144. What is the remainder when 24 is divided by y?
8
Let a = -54 - -494. What is the remainder when a is divided by 34?
32
Let p = 265 + -123. What is the remainder when p is divided by 38?
28
Let g be (26 + -6)/(2/8). Suppose -84*u = -g*u - 88. What is the remainder when 85 is divided by u?
19
Let r(l) = -6*l + 114. What is the remainder when 96 is divided by r(17)?
0
Suppose -2*d = -d - 3*z - 13, 2*d + 5*z + 18 = 0. What is the remainder when 148 is divided by (-11 - -1)/(d/(-3))?
28
Let g = 221 + -118. Suppose 2*l = 2*a - 3*a + 42, g = 5*l + 2*a. Suppose -2*x - l = -b, -x - 77 = -4*b - 15. Calculate the remainder when 26 is divided by b.
11
Let b = -811 - -268. Calculate the remainder when ((-13)/(-3) - 4)/((-1)/b) is divided by 61.
59
Let n(r) be the third derivative of -r**4/24 + r**3/3 + 4*r**2. Let j be n(1). Calculate the remainder when 45 is divided by j/3 + 710/30.
21
Let l = 14 + -30. Let t be (l/6)/(16/(-24)). Suppose 2*z = -5*k + 73, -z - 2*k + t*k = -23. What is the remainder when 115 is divided by z?
28
Suppose 0 = -2*c + 5*p + 169, 4*c - 2*p - 329 = 1. Calculate the remainder when c is divided by 12.
10
Let i(x) = x**3 - 4*x**2 + x - 2. Let p be i(4). Suppose -2*h - p = -32. Calculate the remainder when (-4)/7*1624/(-16) is divided by h.
13
Let l(j) = -4*j**3 + 4*j**2 + j + 1945. What is the remainder when l(0) is divided by 33?
31
Suppose -5 - 1 = -3*j. Suppose -4*h = 4*t - t - 4, -3*h = j*t - 2. Calculate the remainder when 5 is divided by t.
1
What is the remainder when 1615 is divided by (-414)/(-63) - (-6)/14?
5
Calculate the remainder when -6 + 2 + -3 + 55 is divided by 12.
0
Suppose -5*f + 49 = -36. Let j = 23 + f. What is the remainder when j is divided by 21?
19
Let x = 384 + -223. Let b = 235 - x. Let q = 81 - 62. Calculate the remainder when b is divided by q.
17
Suppose -4*u - 20*w = -19*w - 2047, -4*u - 3*w + 2037 = 0. What is the remainder when u is divided by 6?
3
Let d(f) = f**2 - 5*f - 365. Calculate the remainder when d(-19) is divided by 21.
7
Calculate the remainder when 4/58 - 58260/(-435) is divided by 19.
1
Suppose 11*j - 2386 - 1002 = 0. Calculate the remainder when j is divided by 143.
22
Suppose 0 = b + 3*b - 188. Let v = b - -59. Suppose 0 = -28*a + 39*a - 396. Calculate the remainder when v is divided by a.
34
Suppose 0 = 6*m - 150 + 42. Calculate the remainder when 318 is divided by m.
12
Suppose p + 6 = -4*g, 3*g + 3 = -0*p - p. Let u = 1 + 4. Suppose u*y - 130 = -20. What is the remainder when y is divided by p?
4
Suppose 14*d + 108 = 304. What is the remainder when 165 is divided by d?
11
Let s(y) = y**2 + y. Let k(h) = -3*h**2 - 6*h + 1. Let w(t) = -k(t) - 2*s(t). Let z be w(-3). What is the remainder when 23 is divided by (-6)/4*(0 + z)?
5
Suppose 0 = 4*d + 139 + 33. What is the remainder when 117 is divided by 3 - (4 - -2) - 1*d?
37
Suppose 188*t - 171*t = 765. Calculate the remainder when t is divided by 31.
14
Let q = -1830 + 1988. Calculate the remainder when q is divided by 54.
50
Let z = 83 + -19. Suppose 14 = 4*l - 14. Calculate the remainder when z is divided by (1*1/(-3))/(l/(-273)).
12
Let b = 203 + -116. Calculate the remainder when b is divided by 15.
12
Let s = 14 + -5. Suppose -3*l - s = -p - 6*l, 2*p + 2 = 4*l. Let f(o) = 15*o - 79. What is the remainder when f(6) is divided by p?
2
Suppose -4*l = 2*h - 2, -l = -4 + 1. Let o be (-3)/15 + (-96)/h. Let v = -16 + o. What is the remainder when 7 is divided by v?
1
Suppose d - 25 = -0*d. Let r = d - 18. Calculate the remainder when 3 is divided by r/6 + (-3)/18.
0
Let s be 18/(-81) - (-4)/18. Suppose s = 5*l - l - 72. Let o = 51 - l. Calculate the remainder when o is divided by 12.
9
Suppose 3*n + 184 = 7*n. Let o = 37 - 27. What is the remainder when n is divided by o?
6
Let k(z) = -z**3 - 10*z**2 + 12*z + 53. Calculate the remainder when k(-11) is divided by 23.
19
Let q be 1/(-3) - 90/(-27). Suppose 3*v - v + 5*r = 77, q*v - 104 = 4*r. Let b = 69 - v. What is the remainder when b is divided by 9?
6
Suppose 14 = 5*t - 6. Calculate the remainder when 13 is divided by t.
1
Suppose 0 = -h + 3*h - 102. Calculate the remainder when h is divided by 1030/38 - (-8)/(-76).
24
Suppose -13*q = -3*q - 1510. Calculate the remainder when q is divided by 81.
70
Let n(x) = -x**2 - 9*x + 7. Let s = -1057 - -1138. Calculate the remainder when s is divided by n(-7).
18
Let z = 138 + -61. What is the remainder when z is divided by (-21 + 1)/(2/(-4))?
37
Let d be (2/4)/(2/12). Suppose -2*z - 10 = 0, d*z - 97 - 12 = -4*y. What is the remainder when y is divided by 19?
12
Suppose -7*c + 89 = -317. Calculate the remainder when 520 is divided by c.
56
Let c(o) = -o**3 - 17*o**2 - 17*o - 14. Let g be c(-16). Suppose -106 = -3*v - g*a, -2*a = 5*v - a - 186. What is the remainder when v is divided by 13?
12
Let j be (-6)/(-30) + 14/5. Calculate the remainder when 38 is divided by j/2*(32/3 - -4).
16
Suppose 0 = -g - 4*v + 2*v - 6, 3*g + 10 = -4*v. Suppose 5*a = 0, -g*d - 4*a = -3*d + 5. What is the remainder when 23 is divided by d?
3
Suppose g + 45 = -11. Let i = -39 - g. What is the remainder when 31 is divided by i?
14
Let q(j) = -8 + 4 - 13 - 1 - 17*j. Calculate the remainder when q(-7) is divided by 26.
23
Let s(v) = 3*v**2 + 3*v + 2. Let c be s(3). Let w be (-4)/((-4)/c - 0). Suppose 5*f + 13 = w. What is the remainder when f is divided by 2?
1
Let f(a) = -a**3 + 6*a**2 - 4*a - 3. Let o be f(5). Suppose -o*i - 4*i = -12. Suppose 2*u + i*u = 20. Calculate the remainder when 19 is divided by u.
4
Suppose y - 3905 = -54*y. What is the remainder when 144 is divided by y?
2
Let k(z) = 4*z**3 - 2*z**2 + 3*z - 16. What is the remainder when k(3) is divided by 33?
17
Let p = -4160 - -4181. Suppose c - 399 = -4*c - 2*f, 4*c - 326 = -5*f. Calculate the remainder when c is divided by p.
16
Let t(n) = 4*n. Let i(k) be the second derivative of k**4/12 + 19*k**3/6 + 15*k**2 + 2*k. What is the remainder when i(-19) is divided by t(2)?
6
Suppose -2*j = 3*j + 250. Let a = j + 53. Calculate the remainder when 13 is divided by a.
1
Suppose -130 = -4*h - h. Suppose 73 = z + h. Calculate the remainder when z is divided by 16.
15
Let h(u) = u**2 + 23*u - 34. Calculate the remainder when 235 is divided by h(-25).
11
Suppose 0*t - 12*t + 660 = 0. Suppose -t = -2*p - 9. Calculate the remainder when p is divided by 14.
9
Let o(a) = -19*a - 11. Calculate the remainder when o(-6) is divided by 54.
49
Let n(d) = -d**2 + 12*d + 62. What is the remainder when n(15) is divided by 10?
7
Suppose 348 - 238 = 2*c. Calculate the remainder when c is divided by 23.
9
Let k be ((-110)/(-4) - -2) + (-2)/(-4). Suppose z - k = -4*z. Let x = 6 - -3. What is the remainder when x is divided by z?
3
Suppose 2*j + c - 179 = -4*c, 0 = -4*j + 3*c + 371. Let p(i) = -i**3 - 6*i**2 - 19*i - 23. What is the remainder when j is divided by p(-5)?
45
Suppose -s = 503 - 542. Calculate the remainder when 272 is divided by s.
38
Suppose 0 = -3*g - v + 4, g - 3*v - 4 = -2*v. Suppose -g*a - 3*j = -41, -2*a + 4*j = -0*j - 76. Calculate the remainder when 52 is divided by a.
24
Suppose -5*c + 179 = -3*g, 4*g = 4*c + 8*g - 124. Calculate the remainder when 70 is divided by c.
2
Suppose 39*d = 36*d + 381. What is the remainder when d is divided by 40?
7
Let t(h) = h**3 - 8*h**2 + 16*h + 8. What is the remainder when t(6) is divided by 4?
0
Let k(s) = 8*s - 1. Let o be k(-1). What is the remainder when 87 is divided by (39/o - -4)*-54?
15
Suppose -3*g + 76 + 5 = 0. What is the remainder when g is divided by (-1*30)/(-2) + (-4)/(-4)?
11
Let d = 41 + -22. Suppose 3 = l - d. Let s(z) = -2*z**3 - 3*z**2 - z + 1. What is the remainder when s(-4) is divided by l?
19
Let k be 6/2 - (-3 - -4). Let b(t) = -t**2 + t + 2. Let n be b(k). Suppose -4 = -p - n. What is the remainder when 13 is divided by p?
1
Let h = 15 + 11. Suppose -h = -15*z + 14*z. What is the remainder when z is divided by 7?
5
Let c(x) = x**2 + 10*x - 5. Let d be c(-6). Let f = d - -44. Let o = 21 - 17. Calculate the remainder when f is d